) = -s**2 - 9*s - 3. Let b be x(-9). Let u be b/(3 + 0) - -15. Calculate the highest common factor of 35 and u.
7
Suppose 6 = -u + 31. What is the highest common factor of 75 and u?
25
Suppose -5*b + 106 = 2*l - 3*b, -5*b - 255 = -5*l. What is the highest common factor of 416 and l?
52
Let v be (-114)/(-8) + (-1)/4. Suppose -3*r = 2*b - 78 - 62, 2*b = -r + 140. What is the highest common divisor of b and v?
14
Suppose -12 = -3*x - 0*x. Suppose 2*q = 8, -4*q + 368 = x*f - 0*q. Suppose -3*k + 5 = -28. Calculate the highest common divisor of k and f.
11
Let m = 7 - 6. Calculate the highest common factor of m and 1.
1
Let u be (-1)/(2*2/(-16)). Let c be 192/18*42/u. What is the greatest common divisor of c and 16?
16
Let f(a) = -a**3 - 3*a**2 + 3*a + 4. Let h be f(-5). Suppose -5*z = 5*q - 135, q - 4*z + 134 = 6*q. What is the highest common divisor of h and q?
13
Let l be 3/6*-2 - -27. Let v(p) = -6*p - 3. Let f be v(-7). Calculate the greatest common factor of l and f.
13
Let h = -59 - -69. What is the greatest common factor of 70 and h?
10
Let w(q) be the second derivative of q + 3/2*q**2 + 0 - 1/3*q**3 + 1/20*q**5 + 1/3*q**4. Let h be w(-3). Calculate the greatest common factor of 9 and h.
9
Let b be 2/((-7)/(-5) - 1). What is the greatest common factor of b and 2?
1
Let h be 2/(-10) - 1143/(-15). Suppose 0*d = -16*d + 304. Calculate the greatest common factor of d and h.
19
Let c be 60/2 - (-9)/(-3). Calculate the highest common divisor of c and 9.
9
Let d(z) be the second derivative of z**4/12 - 7*z**3/6 + 4*z**2 - 3*z. Let i be d(8). Calculate the highest common factor of 8 and i.
8
Suppose -3*w - 2*w = 5*b - 230, 4*b + 16 = 0. What is the greatest common divisor of 5 and w?
5
Suppose 3*q + 0 - 4 = g, -2*q = -2*g. What is the highest common divisor of 2 and q?
2
Suppose 10*y - 210 = 7*y. What is the highest common factor of y and 10?
10
Suppose 0 = -19*t + 23*t - 184. What is the greatest common divisor of 23 and t?
23
Let h be 10/(-1)*((-65)/(-10) + -7). Let t = 4 + 31. Calculate the highest common divisor of t and h.
5
Let h(r) = 17*r**3 + r**2 - r - 1. Let z be h(-1). Let c be ((-18)/(-8))/(6/z). Let p be c/12 - 3/(-2). What is the highest common factor of p and 8?
1
Suppose 0 = 5*j - 13 - 12. Let v be (-6)/(-24) - 159/(-4). What is the greatest common factor of v and j?
5
Suppose -2*j - 200 = -6*j. Let o = 43 + -75. Let t = j + o. What is the highest common divisor of t and 126?
18
Suppose 5*d - 1400 = -3*d. What is the greatest common divisor of 35 and d?
35
Suppose -10*i + 424 = 64. Let r(p) be the third derivative of 3*p**5/20 + p**2. Let x be r(-1). Calculate the highest common factor of x and i.
9
Let f(b) = b + 1. Let v be f(4). What is the highest common factor of v and 2?
1
Suppose d = 3*d - 180. Suppose 6*j - d = j. Let v = 86 + -41. What is the greatest common factor of v and j?
9
Let p = -1 + 9. Suppose o + p = d - 17, 0 = d - 4*o - 16. Calculate the greatest common divisor of 28 and d.
28
Suppose -592 = -4*g + 5*b, 6 = -b + 2. Calculate the highest common divisor of 13 and g.
13
Let f(w) = w**3 + 7*w**2 - 10*w + 2. Let q be f(-8). Calculate the greatest common divisor of 9 and q.
9
Let u be (-90)/14 + (-9)/(-21). Let t be (-2)/(-3) - 26/u. What is the greatest common factor of 20 and t?
5
Suppose -16*z - 226 = -1250. What is the highest common factor of 48 and z?
16
Let f(a) = a - 7. Let q = 17 - 10. Let y be f(q). Suppose y*k = -k + 18. What is the greatest common factor of k and 36?
18
Let l be 0/(-2) + (-2 - -4). Suppose t - 115 = -l*m + 2*t, -m = 2*t - 50. Calculate the greatest common divisor of 14 and m.
14
Suppose 16 = 2*x + 2*x. Let o = -38 + 70. Calculate the greatest common factor of o and x.
4
Let m be (-1*1)/((-6)/18). Suppose -m*l = -4*y + 59, 0 = 5*l - y + 83 + 21. Let x = l + 31. What is the greatest common factor of 10 and x?
10
Let z = 64 + -57. Suppose h + 3 = 4*h. What is the greatest common factor of z and h?
1
Let q be (-6)/10 + (-12)/5. Let x be q/((-3)/(6*7)). Calculate the highest common factor of 28 and x.
14
Suppose -100 - 355 = -7*r. Calculate the greatest common factor of r and 10.
5
Let y = 462 - 330. Calculate the highest common factor of y and 12.
12
Let x = -260 - -434. Suppose -5*o + x = -b - 0*b, o - 38 = -3*b. Let j = o + 70. Calculate the greatest common divisor of 15 and j.
15
Suppose 1 = -d - 25. Let q = -12 - d. What is the greatest common divisor of q and 70?
14
Let q = -21 - -33. What is the greatest common factor of 96 and q?
12
Let z = -32 - -46. Let i(u) = u**3 + 6*u**2 - u + 5. Let p be i(-5). What is the highest common divisor of p and z?
7
Suppose 0 = 4*u + 9 - 1, 4*f - 164 = -2*u. What is the greatest common factor of 105 and f?
21
Let v(h) = 17*h - 2. Let l be v(2). Suppose -4*j + 8 = 0, -3*d = d - 2*j - l. Let a = -60 + 87. What is the highest common divisor of a and d?
9
Let a = 37 - 26. Suppose -5*w = j - 59, -3*j - 3 + 4 = -w. Calculate the highest common divisor of a and w.
11
Let l = -20 + 35. Calculate the greatest common divisor of l and 165.
15
Let m = -61 + 151. What is the greatest common factor of 10 and m?
10
Let q(p) = -p**3 + 4*p**2 + 2*p - 5. Let m be q(4). Let t = 13 - m. Let s be 2*3/(-6)*-2. Calculate the highest common factor of t and s.
2
Suppose -3*p + 2*p - 3 = 0, -4*p - 22 = -5*m. Calculate the greatest common divisor of m and 4.
2
Let p(q) = 0 + 2*q + q - 9. Let y be p(13). What is the highest common factor of 12 and y?
6
Let u = 170 + -95. Calculate the highest common factor of 50 and u.
25
Let o(r) = r**3 + r**2 - 1. Let a be o(2). Let d = -2 + 5. Suppose -4*p = -5*c + 436, -6*c + d*c - 2*p = -266. What is the highest common divisor of a and c?
11
Let g(y) = 7*y**2 - 1. Let h be g(1). Let w(v) = -10*v**2 + 12 + 7*v**2 + 4*v**2 + 3*v. Let n be w(-9). What is the greatest common factor of h and n?
6
Let a(c) = 2*c**2 - c. Let m be a(2). Calculate the greatest common divisor of m and 9.
3
Let j(f) = 6*f**2 - 3*f - 4. Let l be j(6). Let s = -138 + l. Calculate the greatest common divisor of 7 and s.
7
Let o be 72/20*160/(-12). Let v = o + 68. Calculate the highest common factor of v and 160.
20
Let t = -10 + -4. Let d = 30 + t. Calculate the greatest common factor of 2 and d.
2
Suppose 4*j + x - 45 = 0, 5*j + 2*x = -2*x + 48. Let m be (-326)/(-9) + (-6)/27. What is the highest common factor of j and m?
12
Let j be (6/4)/(6/(-8)). Let m(c) = -5*c. Let l be m(j). Suppose 4*t = 6*t - l. What is the highest common divisor of 20 and t?
5
Let l = -395 - -763. Calculate the greatest common factor of 16 and l.
16
Let o = -26 + 9. Let j = -10 + 1. Let z = j - o. Calculate the greatest common factor of 64 and z.
8
Let y = -216 + 252. What is the highest common divisor of 144 and y?
36
Let q be 13 + 5*(3 - (-68)/(-20)). What is the highest common factor of q and 11?
11
Let y be 26 - 0 - 6/3. Let r(x) = -x**3 + 4*x**2 + 7*x - 6. Let t be r(5). Suppose -k - t*k = -15. Calculate the highest common divisor of y and k.
3
Suppose 5*v + v - 48 = 0. Let b be (-391)/(-3) + (-6)/(-9). Let d = b + -59. Calculate the highest common divisor of v and d.
8
Let x(i) = -i**2 - 5*i + 1. Let o be x(-4). Suppose 2*l + 5*c = 22, 0*l = o*l + 4*c - 55. Calculate the greatest common factor of l and 44.
11
Let p(q) = 2*q - 3. Let s be p(3). Suppose s*i = 6 - 0. Let m be 10/(i + (-6)/4). What is the greatest common factor of 4 and m?
4
Suppose -k = k - 120. Suppose -k = -y - 2*y. What is the greatest common factor of y and 8?
4
Let h be -6*(6/(-9) - 262/12). What is the greatest common divisor of 54 and h?
27
Suppose 14 = 4*p - 6. Suppose p*z = -15, -5*b + 3*z = -4*b - 71. Suppose 4*o - 10 - b = 0. What is the greatest common factor of o and 72?
18
Suppose -2*t = -4*t + 22. Calculate the highest common factor of 44 and t.
11
Let d = 34 + 8. Let o = d + -25. Calculate the highest common divisor of 153 and o.
17
Suppose -2*n - 4*b - 16 = -7*b, 0 = -5*b + 20. Let q be n/1 + 4 + 42. Calculate the greatest common factor of q and 11.
11
Let w(h) = h**3 - 12*h**2 - 11*h - 4. Let m be w(13). Let u be ((-4)/(-3))/(2/33). Calculate the highest common factor of m and u.
22
Let c(b) = -3*b**2 + 3. Let z be c(-3). Let u be ((-6)/(-4))/(z/(-64)). What is the greatest common divisor of 1 and u?
1
Sup